{"id":39654,"date":"2023-09-11T14:50:53","date_gmt":"2023-09-11T12:50:53","guid":{"rendered":"https:\/\/zuniclaw.com\/in-the-media\/netokracija-office-talks-podcast-tijana-zunic-maric-on-layoffs-in-the-itc-sctor\/"},"modified":"2025-08-08T17:21:03","modified_gmt":"2025-08-08T15:21:03","slug":"netokracija-office-talks-podcast-tijana-zunic-maric-on-layoffs-in-the-itc-sctor","status":"publish","type":"in-the-media","link":"https:\/\/zuniclaw.com\/en\/in-the-media\/netokracija-office-talks-podcast-tijana-zunic-maric-on-layoffs-in-the-itc-sctor\/","title":{"rendered":"Netokracija Office talks Podcast | Tijana \u017duni\u0107 Mari\u0107 on layoffs in the ITC sctor"},"featured_media":69860,"template":"","category-media":[120,122],"class_list":["post-39654","in-the-media","type-in-the-media","status-publish","has-post-thumbnail","hentry","category-media-attorneys-en","category-media-consultants-en"],"_links":{"self":[{"href":"https:\/\/zuniclaw.com\/en\/wp-json\/wp\/v2\/in-the-media\/39654","targetHints":{"allow":["GET"]}}],"collection":[{"href":"https:\/\/zuniclaw.com\/en\/wp-json\/wp\/v2\/in-the-media"}],"about":[{"href":"https:\/\/zuniclaw.com\/en\/wp-json\/wp\/v2\/types\/in-the-media"}],"wp:featuredmedia":[{"embeddable":true,"href":"https:\/\/zuniclaw.com\/en\/wp-json\/wp\/v2\/media\/69860"}],"wp:attachment":[{"href":"https:\/\/zuniclaw.com\/en\/wp-json\/wp\/v2\/media?parent=39654"}],"wp:term":[{"taxonomy":"category-media","embeddable":true,"href":"https:\/\/zuniclaw.com\/en\/wp-json\/wp\/v2\/category-media?post=39654"}],"curies":[{"name":"wp","href":"https:\/\/api.w.org\/{rel}","templated":true}]}}

Netokracija Office talks Podcast | Tijana Žunić Marić on layoffs in the ITC sctor
